{"id":576,"date":"2024-01-09T22:51:38","date_gmt":"2024-01-10T01:51:38","guid":{"rendered":"https:\/\/www.brcriacaodesites.com.br\/waser\/?page_id=576"},"modified":"2024-01-09T22:53:15","modified_gmt":"2024-01-10T01:53:15","slug":"depoimento","status":"publish","type":"page","link":"https:\/\/www.brcriacaodesites.com.br\/waser\/depoimento","title":{"rendered":"Depoimento"},"content":{"rendered":"<p>Saiba como nossos clientes, empresas de todos os tamanhos e setores, est\u00e3o usando as solu\u00e7\u00f5es da Waser tecnologia para proteger dados e informa\u00e7\u00f5es pessoais de clientes e parceiros.<\/p>\n","protected":false},"excerpt":{"rendered":"<p>Saiba como nossos clientes, empresas de todos os tamanhos e setores, est\u00e3o usando as solu\u00e7\u00f5es da Waser tecnologia para proteger dados e informa\u00e7\u00f5es pessoais de clientes e parceiros.<\/p>\n","protected":false},"author":1,"featured_media":393,"parent":0,"menu_order":0,"comment_status":"closed","ping_status":"closed","template":"","meta":{"_acf_changed":false,"footnotes":""},"class_list":["post-576","page","type-page","status-publish","has-post-thumbnail","hentry"],"acf":[],"_links":{"self":[{"href":"https:\/\/www.brcriacaodesites.com.br\/waser\/wp-json\/wp\/v2\/pages\/576","targetHints":{"allow":["GET"]}}],"collection":[{"href":"https:\/\/www.brcriacaodesites.com.br\/waser\/wp-json\/wp\/v2\/pages"}],"about":[{"href":"https:\/\/www.brcriacaodesites.com.br\/waser\/wp-json\/wp\/v2\/types\/page"}],"author":[{"embeddable":true,"href":"https:\/\/www.brcriacaodesites.com.br\/waser\/wp-json\/wp\/v2\/users\/1"}],"replies":[{"embeddable":true,"href":"https:\/\/www.brcriacaodesites.com.br\/waser\/wp-json\/wp\/v2\/comments?post=576"}],"version-history":[{"count":2,"href":"https:\/\/www.brcriacaodesites.com.br\/waser\/wp-json\/wp\/v2\/pages\/576\/revisions"}],"predecessor-version":[{"id":578,"href":"https:\/\/www.brcriacaodesites.com.br\/waser\/wp-json\/wp\/v2\/pages\/576\/revisions\/578"}],"wp:featuredmedia":[{"embeddable":true,"href":"https:\/\/www.brcriacaodesites.com.br\/waser\/wp-json\/wp\/v2\/media\/393"}],"wp:attachment":[{"href":"https:\/\/www.brcriacaodesites.com.br\/waser\/wp-json\/wp\/v2\/media?parent=576"}],"curies":[{"name":"wp","href":"https:\/\/api.w.org\/{rel}","templated":true}]}}